/15 + -4. Give p(c).
-3
Let f(b) = 2*b**2 - 5*b - 3*b**2 + 4*b + b**3. Determine f(2).
2
Let r(p) = p**3 + 6*p**2 - 7*p + 6. Let o be r(-7). Let a(g) = o*g + 0*g - 3*g + 5 - 3. What is a(-3)?
-7
Let k(t) be the first derivative of t**3/3 + 9*t**2/2 + 4*t + 14. Give k(-6).
-14
Suppose -13*g = -2*g - 22. Let f(s) be the first derivative of s**3 - s**2 - s - 1. Calculate f(g).
7
Let i(z) = z**3 - 4*z**2 + z + 4. Let g(l) = -l + 1. Let j be g(-2). Give i(j).
-2
Suppose 6*z - 7 = z + 2*o, 2*z - 4*o = 6. Let f(j) = -6*j**3 - 2*j**2 + j. Give f(z).
-7
Let k(u) = -u**2 + 7*u - 1. Let z be k(5). Let s(y) = -y - z + 0*y + y**3 + 2. Let q(x) = x**2 - 11*x. Let o be q(11). Determine s(o).
-7
Let y(j) = -j + 3. Suppose 2*k + 6 = k - 5*p, -2*k = p - 6. Give y(k).
-1
Suppose -o - 5 = -4. Let v(b) = -4*b**2 - 2*b - 1. Calculate v(o).
-3
Let u = -13 - -19. Let v be ((-8)/6)/((-4)/u). Let y(w) = w**3 - 2*w**2 + w + 2. Calculate y(v).
4
Let h(b) = -3*b**3 + 2*b**3 + 2*b**3 - 9*b**2 - 12. Determine h(9).
-12
Let k(g) = 3*g**3 + 7 - 2*g**2 - 5*g - 2*g**2 - 2*g**3. Let r(h) = 2*h - 7. Let y be r(6). Calculate k(y).
7
Suppose 0*i - i = 1, 0 = -4*t + 2*i - 18. Let v(k) = 3*k**3 + k**2 - k. Let d be v(1). Let j(n) = -2 - d*n + 2*n - n. What is j(t)?
8
Let u = 4 + -2. Let m be (1 - (-1 + 0)) + u. Let b(o) be the third derivative of o**4/24 + 40*o**2. Give b(m).
4
Let m(v) be the first derivative of -v**2/2 + 5*v - 5. Let d be (2 - -2)*(-2 - -3). Determine m(d).
1
Suppose -3*o - 3*d = 0, 3*o + 4*d = 5 - 1. Let n(a) = a**2 - a. Let h be n(-1). Let f(w) = h*w + 3 - 1 + 4*w**2 + w**3 + 3. Give f(o).
-3
Let y be ((-2)/(-4) - 1)*-4. Let a be y*9/(-6) + 1. Let t(x) = -x**3 - 2*x**2 + 2. Give t(a).
2
Let a(x) = x + 2 + 0 + 0*x. Let v(l) = 5*l**3 - 7*l**2 - 7*l + 6. Let c(j) = -4*j**3 + 6*j**2 + 7*j - 6. Let f(y) = -4*c(y) - 3*v(y). Let o be f(4). Give a(o).
-4
Let v(r) = -r**2 - 7*r + 6. Let s(b) = -b**2 - 7*b + 6. Let t(x) = 6*s(x) - 5*v(x). Give t(-7).
6
Let r(c) = -7*c**2 + 9*c - 2. Let j(n) = -n**2. Let w(u) = 6*j(u) - r(u). Calculate w(7).
-12
Let b(z) = -2*z**3 - z**2 - 4*z + 9. Let f(a) = -a**3 - a**2 - 2*a + 4. Let n = -7 + 5. Let h(x) = n*b(x) + 5*f(x). Determine h(-2).
2
Let z(x) = -x**2 - 3*x**3 + 5*x**3 + 6*x**3 - x + 0*x**2 - 1. Let p(u) = u**2 - 6*u - 5. Let w be p(7). Let m be (-2)/(w + (1 - 1)). Give z(m).
-9
Let p(t) = -15*t**2 + 2*t - 3. Let a(x) = x**2 + 1. Let u(h) = 4*a(h) + p(h). Let z be (-2)/(-2) - (-2 + 3). Let d = z - 1. Give u(d).
-12
Let n be (-3)/(-7) - 11/(-7). Let k(p) = 2*p**3 + 5*p + 0 - 5*p**n - p**3 + 0 - 5. What is k(4)?
-1
Let v(h) be the third derivative of -h**6/120 - h**5/60 - h**4/24 + 5*h**3/6 - 7*h**2. Give v(0).
5
Let n be 0*(-2 + 5 + -2). Suppose -6*v + v + 4*c = -10, n = -4*v + c + 19. Let o(d) = -4 + 4*d**2 + v + 0*d**3 + 0 + 4*d + d**3. Calculate o(-3).
-1
Suppose 9 = j - 2*j - 3*k, -5*j - k - 31 = 0. Let c(w) = w**3 + 5*w**2 - 6*w - 2. Give c(j).
-2
Let q(m) = -m**2 + 4*m + 2. Let o(x) = -x. Let z(b) = -3*o(b) - q(b). Suppose -2*s + 0*s = 0. Give z(s).
-2
Let d(i) = i + 1. Let m(q) = -q. Let g(f) = -d(f) - 2*m(f). Let x(t) = -2*t**2 + 8*t - 6. Let s(u) = 5*g(u) - x(u). What is s(2)?
3
Let y be ((-2)/4)/((-1)/12). Suppose -y*r + 7*r = 3. Let g(f) = -f**2 + 7*f - 2. Determine g(r).
10
Suppose 16 - 4 = 4*j. Let x(g) = -1 + 2*g**2 + 2 + 0*g + j*g - g**2. Give x(-1).
-1
Let x(r) = -5*r + 14. Let w(s) = 2*s - 5. Let z(u) = -11*w(u) - 4*x(u). Suppose k + 3*d = 13, 6*k = 4*k - 4*d + 20. Give z(k).
-9
Let z(y) be the first derivative of -y**3/3 + 5*y**2/2 - 4*y + 42. What is z(3)?
2
Let y(m) = m + 0 + m - 1. Let t be 2/(-12) + 325/150. Give y(t).
3
Let i = 4 + -4. Suppose i = -2*p - 0*p. Let q(g) = g + 8. Calculate q(p).
8
Let z(c) = -6*c + 2*c + 5 + 2*c. Let w be -2*(-7 + 1)/3. Let n(m) = 1. Let g(o) = w*n(o) - z(o). Calculate g(4).
7
Let i(x) = -x**2 + 3*x. Suppose 4*d + 10 = -2. Let j(f) = f**2 + 3*f + 3. Let r be j(d). Give i(r).
0
Let m(q) = q**2 - 7*q + 1. Suppose -2*t - 2*t = -3*s + 4, -8 = -3*t + 5*s. Let j be 216/32 - (-3)/t. Determine m(j).
-5
Let v(i) = i**2 - i + 2. Suppose 0 = -2*m + 6*m - 8. Suppose m*g - 2 = 4*g. Let d be g/(-2) + 1/(-2). Give v(d).
2
Let z be 1*-2*((-1)/(-2) + -2). Let m(a) be the first derivative of a**3/3 - 5*a**2/2 - 3*a - 1. Determine m(z).
-9
Let d(i) = -2*i**2 - 2*i + 3. Let y be 76/3 - (-6)/9. Suppose -4*r - 3 = -4*h - 11, 5*r - y = -3*h. Suppose r*l - 2 = 6. Give d(l).
-9
Let v(p) = 3*p**2 + p - 1. Suppose -h - 7 = -4. Determine v(h).
23
Suppose 0 = -l - 5*a + 2*a + 11, -25 = -5*a. Let j(x) = -x**3 - 3*x**2 + 5*x - 3. Give j(l).
-7
Let m be 7/(-3) + 4/(-6). Let z(w) = -w**3 - 10*w**2 - 9*w - 3. Let j(u) = u**3 - 8*u - 8*u**2 - u**2 - 2 - 2*u**3. Let s(p) = -6*j(p) + 5*z(p). What is s(m)?
-3
Let f(v) = v**2 - 3*v - 5. Suppose 0*s - 2*s + 22 = 5*g, -5*s + 5*g + 20 = 0. Calculate f(s).
13
Let p(n) = -n**3 - n**2 + n + 1. Let t(a) = a**2 + 4*a - 7. Let q be t(-5). Let w be -2*(-2 - -3) - q. Determine p(w).
1
Let o(b) be the second derivative of -b**4/12 + 7*b**3/6 + 3*b**2 - 14*b. What is o(7)?
6
Suppose 5*c = -2 + 17. Let x(w) = w**2 - 3*w - 4. Give x(c).
-4
Let g(q) = -3*q + 4. Let o(a) = -5*a + 7. Let x(u) = 7*g(u) - 4*o(u). Calculate x(-5).
5
Suppose g + 2*g = 12. Let y be (1 - g)/(15/(-10)). Let j(l) = -2*l**y + 3*l**2 - 3 - 4*l + 2. What is j(5)?
4
Let j = 74 + -79. Let w(t) = t + 3. What is w(j)?
-2
Let x(p) = -p + 7. Let d(q) = 2*q - 7. Let r(i) = 2*d(i) + 3*x(i). Let k = 15 - 11. Let m = k - 4. What is r(m)?
7
Suppose 0 = -l + i - 8, -5*i - 4 = 2*l - 3*i. Let m(g) = -g**3 - 4 - 2*g + 5 - 4*g - 6*g**2. Give m(l).
6
Let j(c) = -c - 2 - 3 + 6. Let x(z) = -8*z + 9. Let u(b) = -6*j(b) + x(b). Suppose -5*w + 3*p + 30 = 7*p, -w - p + 7 = 0. What is u(w)?
-1
Let q(i) = i**2 + 5*i - 3. Let a(l) = 2*l + 13. Let j be a(-10). Calculate q(j).
11
Let q(d) = 24*d**2. Let z be q(-1). Let c(l) = 27*l**2 - z*l**2 + 0*l - 1 - l + 0*l. What is c(-1)?
3
Let k = -13 + 15. Let t(w) = -4*w - 1. Let g(u) = u**2 - 8*u - 2. Let b(p) = k*g(p) - 5*t(p). Suppose -4*j - 4 = 8. Determine b(j).
7
Suppose 50 = 4*v - 14. Suppose 0*j = -2*j. Suppose 4*r + v = -j*r. Let z(s) = -s**3 - 5*s**2 - 3*s + 5. Calculate z(r).
1
Let n(m) be the third derivative of -m**5/10 + m**4/24 + m**2. Let i(y) = y**3 + 2*y**2 - 2. Let p be i(1). Calculate n(p).
-5
Let w be (-2 + 33/18)/(2/(-12)). Let f(g) = -3*g**2 + 1. What is f(w)?
-2
Suppose -1 = 2*v - 29. Let h(k) = -9*k**2 - 3 - 7*k**2 + v*k**2 - 3*k. Give h(-2).
-5
Let b be 2*(-3)/(-6)*3. Let o(h) = -h**2 - h + 8. Let y(k) = 1. Let t(g) = o(g) - 4*y(g). Calculate t(b).
-8
Let a(k) = 8*k**3 + k**2 + 2*k + 1. Let j(y) = y**3. Let c(z) = -a(z) + 4*j(z). Calculate c(-1).
4
Let w(u) = -u - 9. Let z be 3 + (-4)/12*-3. Suppose -k - r = 2*k + 4, -2*k - 16 = z*r. Determine w(k).
-9
Suppose -i = -3*i. Suppose 0 = m + 3*m - 16. Let j(o) = m + o - 6 + 4. What is j(i)?
2
Let x(n) = -n**2 - 8*n - 2. Suppose 2*i - 12 = 3*g, 4*g + 2 = 3*i - 15. Suppose -5*o - i*f + 8*f - 35 = 0, o + 4*f + 7 = 0. Give x(o).
5
Let d = 0 + -6. Let u be 4/3 + (-4)/d. Let v(g) = g**3 - g**2 - 4*g + 3. Determine v(u).
-1
Let t(n) be the first derivative of -n**4/4 + 2*n**3/3 + n**2 + n - 1. Let z be t(2). Let l(c) = 4*c - 5*c - z + 6. What is l(2)?
-1
Let u(t) = -1 - 6 + 12*t + t**2 - 6*t. Let m be -4 - (-3)/(-3*1). What is u(m)?
-12
Suppose -r - 5*p = -p + 6, -3*r + 4 = p. Suppose r - 14 = 4*u. Let k(x) = 3*x + 1. Determine k(u).
-8
Let z(w) = w**2 + 4*w - 8. Let p be z(-6). Let s(c) = 4 - 3*c + p*c - 2 - 5*c + c**2. Let h be (-10)/(-3) + 2/(-6). Determine s(h).
-1
Suppose 0*m + 3*m = -6. Let x(g) be the second derivative of -g**5/30 - g**4/8 - g**3/2 + g**2 - g. Let p(a) be the first derivative of x(a). Give p(m).
-5
Suppose 6 - 11 = -5*t. Let b(g) = 12*g**3 - g**2 + 1. Give b(t).
12
Let y(d) = 3*d**2 + 16*d - 5. Let m be y(-6). Let c(f) = -2*f + 3. Determine c(m).
-11
Let i(w) be the second derivative of -3*w**5/5 - w**4/12 - w**3/3 - w**2/2 - 14*w. What is i(-1)?
12
Let h(g) = -g**3 - 5*g**2 + g - 2. Let j = 12 + -17. Determine h(j).
-7
Let j(n) = n**2 + 2*n - 4. Let u(f) be the third derivative of f**4/24 - 3*f**3/2 + f**2. Let r be u(5). What is j(r)?
4
Let n(v) be the second derivative of -1/2*v**3 + 0 - 4*v + 0*v**2. 